1/6*s**3 - 7/2*s**2 + 1/2*s**4 + 0 + 1/20*s**5. Give f(-6).
-1
Suppose -18 = -2*b + 5*h, 5*h + 10 = -0. Suppose -5*q - j + 3 = 0, -b*q + 0*j = -j - 6. Let l(v) = -3*v. Give l(q).
-3
Let j(a) = 2*a - 6. Let o be j(5). Let f(s) = 5*s - o*s + 5 - 5. Let p = 3 - 4. Calculate f(p).
-1
Let g(p) be the first derivative of p**4/24 + p**3 + 2*p**2 - 3. Let u(h) be the second derivative of g(h). Give u(-3).
3
Let q = 19 - 23. Let r(k) = k**2 + 7*k + 5. Calculate r(q).
-7
Let f(j) be the third derivative of -7*j**4/24 + 2*j**3/3 + 15*j**2. Give f(3).
-17
Let o(r) = -r**2 + 6*r + 9. Let u be o(7). Let f be (-9)/(-4) - 1/4. Suppose f + u = 2*y. Let h(m) = -4*m + 3. Calculate h(y).
-5
Let t(c) = -15*c + 17*c - 1 - c. Let f = 15 + -9. Let l be t(f). Let r(g) = g - 7. Give r(l).
-2
Let h(r) = -r + 9. Let o be h(7). Let v(s) = -3 - 7*s + o + s**2 + 2 + 2. Give v(6).
-3
Let r(j) be the second derivative of -j**3/6 + j**2/2 + 4*j. Let h = -6 + 7. Calculate r(h).
0
Suppose -4*y - y + 10 = 0. Suppose 3*z - 5*f + 9 = 0, -3*z - 15 = y*z - 2*f. Let w(l) = l**2 + 3*l - 4. Give w(z).
-4
Suppose 15 = 2*r + 5. Let t(x) = -16*x - 12. Let d(o) = -11*o - 8. Let f(i) = r*t(i) - 7*d(i). Suppose 5*u + 4 = 3*m + 23, -2*m = -2*u + 10. Determine f(m).
5
Let k(h) = -12*h**2 + h. Let q = 70 + -69. Determine k(q).
-11
Let k(m) = 5*m + 1. Suppose 23 - 28 = -5*r. Calculate k(r).
6
Let u(v) = 0*v + 4*v - 90*v**2 + v**3 + 97*v**2 - 2. Determine u(-6).
10
Let d(p) = -5*p - 2. Let u be 25/(-5) - (3 - 6). What is d(u)?
8
Let o(n) = 5*n + 2*n + 1 - 10*n - 2*n. Calculate o(-4).
21
Let t be (3/9)/((-3)/(-36)). Suppose 0*l = -l + 2. Let x(u) = -u - u**l + 4*u + 2*u + 5. Determine x(t).
9
Let t(o) = -o + 1. Suppose 4*l + 2*f = -2 + 10, -l - 3*f = -7. Let w be t(l). Let c(z) = 3*z**2 + w - z + 1 + 0. Determine c(1).
3
Let o(d) = 2*d**2 + 5*d + 3. Suppose 2*c = n + 20, 3*n + 0*n = 6. Suppose 3*b - 2 = -c. Calculate o(b).
6
Let t(m) = m**3 + 1. Suppose y + a = 6, -5*y + 12 = a - 6. Suppose -2 = 5*f + y. What is t(f)?
0
Suppose -42*d + 16 = -38*d. Let g(z) be the second derivative of 1/6*z**3 + 0 - 1/2*z**2 - 1/12*z**d - 3*z. Determine g(-2).
-7
Let w(o) be the third derivative of o**7/840 + 7*o**6/360 + o**5/20 - o**4/12 + o**3/3 + 4*o**2. Let t(u) be the first derivative of w(u). Determine t(-6).
-2
Let y(l) = l**3 + 7*l**2 + 2. Let a be (26 - 12)*1/(-2). Give y(a).
2
Let i(x) = -x**3. Let b(w) = 3*w**3 - 3*w**2 + w + 1. Suppose -4 = -7*l + 3*l. Let k(v) = l*b(v) + 4*i(v). What is k(-3)?
-2
Let q(f) be the first derivative of f**4/4 - 2*f**3 - 6*f - 3. Calculate q(6).
-6
Let g(i) = 3*i**2 + i - 1. Let a be g(1). Let q(f) = 4*f - f**2 + 5*f**2 - a*f**2. Let k(b) = -b**2 + 8*b - 4. Let p be k(8). Calculate q(p).
0
Let l(u) = -u - 16. Let t be l(-15). Let j(v) = 12*v - 10. Let c(a) = -8*a + 7. Let n(m) = 7*c(m) + 5*j(m). Determine n(t).
-5
Let u(d) = -5*d**3 - 2*d - 1. Let z be u(-1). Let m(q) = -q**2 + 7*q - 2. Calculate m(z).
4
Let a(g) = g**3 - 1 + 2*g**2 + 0 + 3. Give a(-3).
-7
Let o(c) = -c**3 + 4*c**2 - 3*c. Let s be o(2). Let b(g) = -g + g**s + 3*g - 1 - g. Give b(-2).
1
Let d(p) be the second derivative of -p**3/6 - 5*p**2 - 3*p - 5. What is d(-8)?
-2
Let l(f) = -5*f**2 - f - 1. Let c = 2 - -1. Let a = -5 + c. Let w be (a + 15/6)*-2. Calculate l(w).
-5
Suppose -2*v + 0*v + 5*z = -13, -3*z - 4 = -5*v. Let y(i) = i**3 - i**2 - i. What is y(v)?
-1
Let o(v) = v**2 - 8*v + 4. Let j(i) = i + 10. Let f be j(-5). What is o(f)?
-11
Suppose q = 3*l - 7 - 11, -2*q = l + 1. Let x(n) = -n**3 - 2*n**2 + 2*n + 2. Give x(q).
5
Let g(y) = -4*y**3 + 8*y**2 + 7*y + 9. Let h(z) = -3*z**3 + 5*z**2 + 5*z + 6. Let l(b) = -5*g(b) + 7*h(b). Give l(-5).
-3
Suppose 0 = -i + 4. Suppose c - i*f = -3*f + 6, -c - 3*f = 14. Let n(r) = 7*r - 2. Let y(h) = -8*h + 3. Let v(w) = -4*n(w) - 3*y(w). What is v(c)?
-5
Let i(y) = 3*y + 2. Let w be i(3). Let d(j) = 3*j**2 + 3*j + 4. Let r(k) = 8*k**2 + 9*k + 11. Let x(c) = w*d(c) - 4*r(c). Calculate x(2).
-2
Let x(u) = u**2 - 2*u + 1. Let w(s) = -s**2 + 3. Let l be w(0). Suppose l*t + 7 = 10. Give x(t).
0
Let w(j) = -4*j + 3. Suppose -5*s + 18 = s. Determine w(s).
-9
Let n(u) = 7*u**3 + 3*u**2 - 4*u + 5. Let a(z) = -3*z**3 - z**2 - 3*z + z - 2*z + 6*z - 2. Let q(o) = -9*a(o) - 4*n(o). Let c = 3 + -5. Determine q(c).
-2
Let h be (6/30)/((-1)/(-25)). Let l(w) = -w**2 + 2*w + 5. Let m(o) = -o**2 + 2*o + 5. Let k(b) = -2*l(b) + 3*m(b). Give k(h).
-10
Let i(d) = d**2 - d - 2. Let w(k) = 2*k - 12. Let a be (-4 + 3)/(2/(-4)). Suppose 0 = x + a*x - 24. Let g be w(x). What is i(g)?
10
Let l(m) = m**3 + 4*m**2 + 2*m - 1. Let b(a) = -a**3 - 2*a**2 + 3*a - 3. Let h be b(-3). What is l(h)?
2
Let z(n) = -n**3 + 2*n**2 + 3*n + 2. Suppose 2*t + 12 = 4*l + 4, 3*l - 45 = -5*t. Suppose -b - 3*s = 2, 0*b + 4*s = -3*b - t. Determine z(b).
12
Suppose -5*d + 5*c + 17 = 4*c, -d + 9 = -3*c. Suppose -1 = -4*z + d. Let b(f) = z - f - f - f. What is b(2)?
-5
Let p = -1 - -7. Let r(g) = -5*g**2 - 12*g + 1. Let k(z) = 11*z**2 + 25*z - 2. Let s(y) = 6*k(y) + 13*r(y). Calculate s(p).
1
Let q be 2 - (-3 - (-1 - 2)). Let x(h) = -2*h + 2. Calculate x(q).
-2
Let s = -28 + 21. Let p(o) = o + 11. Determine p(s).
4
Let s = 2 + 1. Let i(o) = -s*o + 4*o - o**2 + 2*o + 2*o + 4. Determine i(5).
4
Let i = 2 + -3. Let m(s) = -21*s**3 - 2*s**2 - 2*s + 5. Let t(d) = 11*d**3 + d**2 + d - 3. Suppose -3*p - 20 + 8 = 0. Let w(j) = p*m(j) - 7*t(j). What is w(i)?
-6
Let r(s) = s**3 - 2*s**2 - 6*s - 1. Let h(g) = -g. Let f(i) = 2*h(i) - r(i). Suppose -4*c - c - 10 = 0. Let y = c + 5. Determine f(y).
4
Let l(z) = -2*z + 7. Let s(i) = -10*i + 35. Let f(p) = 11*l(p) - 2*s(p). Suppose -3*k + 11 = -4*h, -14 = -3*k - h + 2*h. Calculate f(k).
-3
Let h be (19 - 2) + 2/(-1). Let x = h - 10. Let w(y) = 3*y**2 + 3 - 2*y**2 - 4*y - 2*y. Determine w(x).
-2
Let k(y) = -y + y**2 + 4*y**2 + 2*y + 4*y**2. Give k(-1).
8
Suppose -p = -2*j, j + 5*p = 16 - 5. Let t be 2 + 0 - 1/j. Let r(z) = 0 - 3*z - z**2 - 4 + t. Calculate r(-4).
-7
Let t be ((-2)/3)/((-4)/120). Let u(r) = 19*r**2 + 1 - 3 - 2*r - t*r**2. Give u(-2).
-2
Let q(x) = -4*x**3 + 2*x**2 - 2. Let h(s) be the third derivative of s**6/24 - s**5/20 + s**3/2 - 4*s**2. Let z(k) = 2*h(k) + 3*q(k). What is z(1)?
-2
Let h(y) = 13*y - 1. Let f(g) = -12*g + 1. Let a(x) = 6*f(x) + 5*h(x). Calculate a(-1).
8
Let k(n) be the first derivative of n**3/3 + 5*n**2/2 - 4*n - 6. What is k(-6)?
2
Let h(r) = r**3 + 0*r**3 + 3 - 4*r**2 + 14*r**2. Let u be h(-10). Let n(c) = -2*c + 2 + c**2 + u - 3. Determine n(2).
2
Let g(y) = 4*y - 4. Suppose 0 = 4*a + a. Suppose -15 = 3*t + 5*i, -t + a*i = -2*i - 6. Let v = 3 - t. Determine g(v).
8
Let c(y) = 5*y**2 + 3*y**3 - 2 + y**3 - 6*y**2 - y + 3. Determine c(1).
3
Let r(v) = -v**3 - v**2 + v - 4. Suppose -w = -6*w + 10. Suppose w = -z + 2*z. Suppose 0 = i - 5*s - 7, 3*i + z*s + 19 = -3*s. Determine r(i).
11
Suppose -3*v + 16 = v. Suppose 3*j + 2*j + 1 = v*w, w - 3*j - 2 = 0. Let u(p) = 6*p**2. Determine u(w).
6
Let g(m) = 3*m - 6. Let b be (-2)/(3/((-6)/4)). Let c(n) = -n + 1. Let f(y) = b*g(y) + 4*c(y). Calculate f(5).
-7
Let u(i) be the third derivative of i**9/60480 + i**8/20160 - i**7/5040 + i**6/72 + i**5/60 - i**2. Let l(r) be the third derivative of u(r). Calculate l(0).
10
Let d(c) be the third derivative of c**4/24 + 5*c**3/2 + 10*c**2. Calculate d(0).
15
Let b = -5 + 9. Let r(x) be the second derivative of -x**5/20 + x**4/3 + x**2 + 13*x. Calculate r(b).
2
Let c(a) = 7*a - 10 + a**2 + 2*a**2 - 2*a**2. Let m be c(-8). Let w(h) = -h**3 - h**2 + h + 2. Calculate w(m).
4
Let v(b) = -3*b**2 - 37*b - 36. Let p(a) = a**2 + 12*a + 12. Let l(t) = -7*p(t) - 2*v(t). Determine l(-9).
-3
Let o(g) = 7*g + 42. Let x be o(-6). Let h(s) be the third derivative of 1/30*s**5 + 1/24*s**4 + 1/6*s**3 + 0*s + s**2 + x. What is h(-2)?
7
Let i(h) = -h**2 + h + 1. Let t(u) = 5*u**2 - 4*u - 4. Let v(j) = 9*i(j) + 2*t(j). Suppose 0 = 4*d - 55 + 15. Let s be (4/d)/(2/10). Give v(s).
7
Let l(u) be the second derivative of 1/12*u**4 + 1/6*u**3 + 0 - 1/2*u**2 - 2*u. Calculate l(2).
5
Suppose t - 12 = 3*t. Let k(s) = -s**3 - 5*s**2 + 5*s + 2. What is k(t)?
8
Let p(u) be the first derivative of 2 + 5*u**2 + 0*u - 3*u**2 + 3*u. Suppose -4*b + 2*b = k + 8, 4*b + 24 = -4*k. Determine p(b).
-5
Let 